{"id":24,"date":"2019-12-28T16:30:43","date_gmt":"2019-12-28T16:30:43","guid":{"rendered":"http:\/\/celler-tor-gifhorn.de\/?page_id=24"},"modified":"2025-04-04T01:16:17","modified_gmt":"2025-04-04T00:16:17","slug":"ueber-uns","status":"publish","type":"page","link":"http:\/\/celler-tor-gifhorn.de\/?page_id=24","title":{"rendered":"\u00dcber uns"},"content":{"rendered":"\n<p>Das &#8222;Celler Tor&#8220; ist ein freundlicher Familienbetrieb seit 1962 in Gifhorn. <\/p>\n\n\n\n<p>\u00dcbernachtungsm\u00f6glichkeiten gibt es in vier Einzel- und f\u00fcnf Doppelzimmern. <\/p>\n\n\n\n<p>Das Team vom &#8220; Celler Tor &#8220; freut sich, Sie bei uns begr\u00fc\u00dfen zu d\u00fcrfen!<\/p>\n\n\n\n<div class=\"wp-block-responsive-lightbox-gallery\"><div class=\"rl-gallery-container rl-loading\" id=\"rl-gallery-container-1\" data-gallery_id=\"207\"> <div class=\"rl-gallery rl-basicmasonry-gallery rl-hover-effect-2\" id=\"rl-gallery-1\" data-gallery_no=\"1\"> <div class=\"rl-gutter-sizer\"><\/div><div class=\"rl-grid-sizer\"><\/div> <div class=\"rl-gallery-item rl-gallery-item-width-4\" > <div class=\"rl-gallery-item-content\"> <a href=\"http:\/\/celler-tor-gifhorn.de\/wp-content\/uploads\/2025\/04\/zu-den-Zimmern-1024x683.jpg\" title=\"\" data-rl_title=\"\" class=\"rl-gallery-link\" data-rl_caption=\"Obere Etage mit den Zimmern\" data-rel=\"lightbox-gallery-1\"><img loading=\"lazy\" decoding=\"async\" src=\"http:\/\/celler-tor-gifhorn.de\/wp-content\/uploads\/2025\/04\/zu-den-Zimmern-1024x683.jpg\" width=\"750\" height=\"500\" alt=\"\"\/><span class=\"rl-gallery-caption\"><span class=\"rl-gallery-item-title\">Obere Etage mit den Zimmern<\/span><\/span><\/a> <\/div> <\/div> <div class=\"rl-gallery-item\" > <div class=\"rl-gallery-item-content\"> <a href=\"http:\/\/celler-tor-gifhorn.de\/wp-content\/uploads\/2025\/04\/Aufenthaltsraum-1024x683.jpg\" title=\"\" data-rl_title=\"\" class=\"rl-gallery-link\" data-rl_caption=\"Aufenthaltsraum\" data-rel=\"lightbox-gallery-1\"><img loading=\"lazy\" decoding=\"async\" src=\"http:\/\/celler-tor-gifhorn.de\/wp-content\/uploads\/2025\/04\/Aufenthaltsraum-1024x683.jpg\" width=\"750\" height=\"500\" alt=\"\"\/><span class=\"rl-gallery-caption\"><span class=\"rl-gallery-item-title\">Aufenthaltsraum<\/span><\/span><\/a> <\/div> <\/div> <div class=\"rl-gallery-item\" > <div class=\"rl-gallery-item-content\"> <a href=\"http:\/\/celler-tor-gifhorn.de\/wp-content\/uploads\/2025\/04\/Kuehlschrank2-683x1024.jpg\" title=\"\" data-rl_title=\"\" class=\"rl-gallery-link\" data-rl_caption=\"K\u00fchlschrank im Aufenthaltsraum\" data-rel=\"lightbox-gallery-1\"><img loading=\"lazy\" decoding=\"async\" src=\"http:\/\/celler-tor-gifhorn.de\/wp-content\/uploads\/2025\/04\/Kuehlschrank2-683x1024.jpg\" width=\"683\" height=\"1024\" alt=\"\"\/><span class=\"rl-gallery-caption\"><span class=\"rl-gallery-item-title\">K\u00fchlschrank im Aufenthaltsraum<\/span><\/span><\/a> <\/div> <\/div> <div class=\"rl-gallery-item\" > <div class=\"rl-gallery-item-content\"> <a href=\"http:\/\/celler-tor-gifhorn.de\/wp-content\/uploads\/2025\/04\/Wasserkocher-1024x683.jpg\" title=\"\" data-rl_title=\"\" class=\"rl-gallery-link\" data-rl_caption=\"Wasserkocher im Aufenthaltsraum\" data-rel=\"lightbox-gallery-1\"><img loading=\"lazy\" decoding=\"async\" src=\"http:\/\/celler-tor-gifhorn.de\/wp-content\/uploads\/2025\/04\/Wasserkocher-1024x683.jpg\" width=\"750\" height=\"500\" alt=\"\"\/><span class=\"rl-gallery-caption\"><span class=\"rl-gallery-item-title\">Wasserkocher im Aufenthaltsraum<\/span><\/span><\/a> <\/div> <\/div> <div class=\"rl-gallery-item\" > <div class=\"rl-gallery-item-content\"> <a href=\"http:\/\/celler-tor-gifhorn.de\/wp-content\/uploads\/2025\/04\/Zimmer-1024x683.jpg\" title=\"\" data-rl_title=\"\" class=\"rl-gallery-link\" data-rl_caption=\"Einzelzimmer\" data-rel=\"lightbox-gallery-1\"><img loading=\"lazy\" decoding=\"async\" src=\"http:\/\/celler-tor-gifhorn.de\/wp-content\/uploads\/2025\/04\/Zimmer-1024x683.jpg\" width=\"750\" height=\"500\" alt=\"\"\/><span class=\"rl-gallery-caption\"><span class=\"rl-gallery-item-title\">Einzelzimmer<\/span><\/span><\/a> <\/div> <\/div> <div class=\"rl-gallery-item\" > <div class=\"rl-gallery-item-content\"> <a href=\"http:\/\/celler-tor-gifhorn.de\/wp-content\/uploads\/2025\/04\/Doppelzimmer-1024x683.jpg\" title=\"\" data-rl_title=\"\" class=\"rl-gallery-link\" data-rl_caption=\"Doppelzimmer\" data-rel=\"lightbox-gallery-1\"><img loading=\"lazy\" decoding=\"async\" src=\"http:\/\/celler-tor-gifhorn.de\/wp-content\/uploads\/2025\/04\/Doppelzimmer-1024x683.jpg\" width=\"750\" height=\"500\" alt=\"\"\/><span class=\"rl-gallery-caption\"><span class=\"rl-gallery-item-title\">Doppelzimmer<\/span><\/span><\/a> <\/div> <\/div> <div class=\"rl-gallery-item\" > <div class=\"rl-gallery-item-content\"> <a href=\"http:\/\/celler-tor-gifhorn.de\/wp-content\/uploads\/2025\/04\/Badezimmer-683x1024.jpg\" title=\"\" data-rl_title=\"\" class=\"rl-gallery-link\" data-rl_caption=\"Badezimmer\" data-rel=\"lightbox-gallery-1\"><img loading=\"lazy\" decoding=\"async\" src=\"http:\/\/celler-tor-gifhorn.de\/wp-content\/uploads\/2025\/04\/Badezimmer-683x1024.jpg\" width=\"683\" height=\"1024\" alt=\"\"\/><span class=\"rl-gallery-caption\"><span class=\"rl-gallery-item-title\">Badezimmer<\/span><\/span><\/a> <\/div> <\/div> <div class=\"rl-gallery-item\" > <div class=\"rl-gallery-item-content\"> <a href=\"http:\/\/celler-tor-gifhorn.de\/wp-content\/uploads\/2025\/04\/Flur-683x1024.jpg\" title=\"\" data-rl_title=\"\" class=\"rl-gallery-link\" data-rl_caption=\"Flur\" data-rel=\"lightbox-gallery-1\"><img loading=\"lazy\" decoding=\"async\" src=\"http:\/\/celler-tor-gifhorn.de\/wp-content\/uploads\/2025\/04\/Flur-683x1024.jpg\" width=\"683\" height=\"1024\" alt=\"\"\/><span class=\"rl-gallery-caption\"><span class=\"rl-gallery-item-title\">Flur<\/span><\/span><\/a> <\/div> <\/div> <\/div> <\/div><\/div>\n","protected":false},"excerpt":{"rendered":"<p>Das &#8222;Celler Tor&#8220; ist ein freundlicher Familienbetrieb seit 1962 in Gifhorn. \u00dcbernachtungsm\u00f6glichkeiten gibt es in vier Einzel- und f\u00fcnf Doppelzimmern. Das Team vom &#8220; Celler Tor &#8220; freut sich, Sie bei uns begr\u00fc\u00dfen zu d\u00fcrfen!<\/p>\n","protected":false},"author":2,"featured_media":0,"parent":0,"menu_order":0,"comment_status":"closed","ping_status":"closed","template":"","meta":{"footnotes":""},"class_list":["post-24","page","type-page","status-publish","hentry","entry"],"_links":{"self":[{"href":"http:\/\/celler-tor-gifhorn.de\/index.php?rest_route=\/wp\/v2\/pages\/24","targetHints":{"allow":["GET"]}}],"collection":[{"href":"http:\/\/celler-tor-gifhorn.de\/index.php?rest_route=\/wp\/v2\/pages"}],"about":[{"href":"http:\/\/celler-tor-gifhorn.de\/index.php?rest_route=\/wp\/v2\/types\/page"}],"author":[{"embeddable":true,"href":"http:\/\/celler-tor-gifhorn.de\/index.php?rest_route=\/wp\/v2\/users\/2"}],"replies":[{"embeddable":true,"href":"http:\/\/celler-tor-gifhorn.de\/index.php?rest_route=%2Fwp%2Fv2%2Fcomments&post=24"}],"version-history":[{"count":14,"href":"http:\/\/celler-tor-gifhorn.de\/index.php?rest_route=\/wp\/v2\/pages\/24\/revisions"}],"predecessor-version":[{"id":209,"href":"http:\/\/celler-tor-gifhorn.de\/index.php?rest_route=\/wp\/v2\/pages\/24\/revisions\/209"}],"wp:attachment":[{"href":"http:\/\/celler-tor-gifhorn.de\/index.php?rest_route=%2Fwp%2Fv2%2Fmedia&parent=24"}],"curies":[{"name":"wp","href":"https:\/\/api.w.org\/{rel}","templated":true}]}}