{"id":6,"date":"2019-12-28T15:53:08","date_gmt":"2019-12-28T15:53:08","guid":{"rendered":"http:\/\/celler-tor-gifhorn.de\/?page_id=6"},"modified":"2025-03-26T01:25:06","modified_gmt":"2025-03-26T00:25:06","slug":"willkommen-beim-hotel-celler-tor-in-gifhorn","status":"publish","type":"page","link":"http:\/\/celler-tor-gifhorn.de\/","title":{"rendered":"Willkommen beim Hotel &#8222;Celler Tor&#8220;!"},"content":{"rendered":"\n<p class=\"has-dark-red-color has-text-color\" style=\"font-size:26px\">Liebe G\u00e4ste! <\/p>\n\n\n\n<p class=\"has-dark-red-color has-text-color\">Suchen Sie eine erholsame \u00dcbernachtungsm\u00f6glichkeit f\u00fcr Ihre Durchreise oder Ihren Urlaub im &#8222;S\u00fcdtor zur L\u00fcneburger Heide&#8220;?\u00a0<br>Dann\u00a0liegen\u00a0Sie bei uns genau richtig<\/p>\n\n\n\n<p>Unser Hotel liegt am Stadtrand mit Einkaufsm\u00f6glichkeit und Backshop direkt gegen\u00fcberliegend, der nahe Wald l\u00e4dt zum Spazieren ein.<\/p>\n\n\n\n<p>PKW-Einstellpl\u00e4tze befinden direkt vor dem Haus.<\/p>\n\n\n\n<p>Alle Hotelzimmer sind mit Dusche, WC und Fernseher ausgestattet.<\/p>\n\n\n\n<p>Kostenfreies Internet (WiFi) steht im gesamten Haus zu Verf\u00fcgung.<\/p>\n\n\n\n<p>Unsere Zimmer sind gem\u00fctlich eingerichtet, damit Ihr Aufenthalt bei uns zur Erholung wird.<\/p>\n\n\n\n<p>Ob mit Auto oder Fahrrad, hier finden Sie eine optimale Verkehrsanbindung<br>(Bundesstra\u00dfe B188 \/ B4 \/ Radwanderwege).<\/p>\n\n\n\n<p><\/p>\n","protected":false},"excerpt":{"rendered":"<p>Liebe G\u00e4ste! Suchen Sie eine erholsame \u00dcbernachtungsm\u00f6glichkeit f\u00fcr Ihre Durchreise oder Ihren Urlaub im &#8222;S\u00fcdtor zur L\u00fcneburger Heide&#8220;?\u00a0Dann\u00a0liegen\u00a0Sie bei uns genau richtig Unser Hotel liegt am Stadtrand mit Einkaufsm\u00f6glichkeit und Backshop direkt gegen\u00fcberliegend, der nahe Wald l\u00e4dt zum Spazieren ein. PKW-Einstellpl\u00e4tze befinden direkt vor dem Haus. Alle Hotelzimmer sind mit Dusche, WC und Fernseher ausgestattet.&hellip; <a class=\"more-link\" href=\"http:\/\/celler-tor-gifhorn.de\/\"><span class=\"screen-reader-text\">Willkommen beim Hotel &#8222;Celler Tor&#8220;!<\/span> weiterlesen<\/a><\/p>\n","protected":false},"author":1,"featured_media":120,"parent":0,"menu_order":0,"comment_status":"closed","ping_status":"closed","template":"","meta":{"footnotes":""},"class_list":["post-6","page","type-page","status-publish","has-post-thumbnail","hentry","entry"],"_links":{"self":[{"href":"http:\/\/celler-tor-gifhorn.de\/index.php?rest_route=\/wp\/v2\/pages\/6","targetHints":{"allow":["GET"]}}],"collection":[{"href":"http:\/\/celler-tor-gifhorn.de\/index.php?rest_route=\/wp\/v2\/pages"}],"about":[{"href":"http:\/\/celler-tor-gifhorn.de\/index.php?rest_route=\/wp\/v2\/types\/page"}],"author":[{"embeddable":true,"href":"http:\/\/celler-tor-gifhorn.de\/index.php?rest_route=\/wp\/v2\/users\/1"}],"replies":[{"embeddable":true,"href":"http:\/\/celler-tor-gifhorn.de\/index.php?rest_route=%2Fwp%2Fv2%2Fcomments&post=6"}],"version-history":[{"count":29,"href":"http:\/\/celler-tor-gifhorn.de\/index.php?rest_route=\/wp\/v2\/pages\/6\/revisions"}],"predecessor-version":[{"id":195,"href":"http:\/\/celler-tor-gifhorn.de\/index.php?rest_route=\/wp\/v2\/pages\/6\/revisions\/195"}],"wp:featuredmedia":[{"embeddable":true,"href":"http:\/\/celler-tor-gifhorn.de\/index.php?rest_route=\/wp\/v2\/media\/120"}],"wp:attachment":[{"href":"http:\/\/celler-tor-gifhorn.de\/index.php?rest_route=%2Fwp%2Fv2%2Fmedia&parent=6"}],"curies":[{"name":"wp","href":"https:\/\/api.w.org\/{rel}","templated":true}]}}